{"id":336,"date":"2023-01-25T19:26:29","date_gmt":"2023-01-25T19:26:29","guid":{"rendered":"https:\/\/sivignv.com.br\/sivi\/?page_id=336"},"modified":"2023-01-31T15:19:22","modified_gmt":"2023-01-31T15:19:22","slug":"contato","status":"publish","type":"page","link":"https:\/\/sivignv.com.br\/sivi\/contato\/","title":{"rendered":"Contato"},"content":{"rendered":"<div class=\"sec_content_main_title\" style=\"text-align:;\">Fale com a SIVI<\/div>\n<p><strong>Telefone: (21) 3638-6135<\/strong><br \/>\n<strong>WhatsApp <a href=\"https:\/\/api.whatsapp.com\/send?phone=5521970174670\" target=\"_blank\" rel=\"noopener\">(21) 97017-4670<\/a><br \/>\n<\/strong><strong>E-mail: <a href=\"mailto:sivignv@gmail.com\">sivignv@gmail.com<\/a><\/strong><\/p>\n<div class=\"custombtn\" style=\"text-align:\">\t\r\n\t   <a class=\"morebutton\" href=\"https:\/\/api.whatsapp.com\/send?phone=5521970174670\" target\"\">AGENDE POR WHATSAPP<\/a>\t   \t   \r\n\t<\/div>\n<div class=\"sec_content_main_title\" style=\"text-align:;\">Onde estamos<\/div>\n<p>Rod BR 101 Km 25,5 \u2013 Lote 08 \u2013 Quadra 01 \u2013 Galp\u00e3o Retiro S\u00e3o Joaquim, Itabora\u00ed \u2013 RJ CEP \u2013 24800-000<br \/>\n<strong>&#8211; <a href=\"https:\/\/www.google.com\/maps\/@-22.7620801,-42.9004935,3a,90y,214.53h,82.65t\/data=!3m7!1e1!3m5!1s2tSE_V_JcV5mTD3SxUoDqA!2e0!6shttps:%2F%2Fstreetviewpixels-pa.googleapis.com%2Fv1%2Fthumbnail%3Fpanoid%3D2tSE_V_JcV5mTD3SxUoDqA%26cb_client%3Dmaps_sv.tactile.gps%26w%3D203%26h%3D100%26yaw%3D313.16595%26pitch%3D0%26thumbfov%3D100!7i16384!8i8192\" target=\"_blank\" rel=\"noopener\">Em frente ao Tubar\u00e3o Atacad\u00e3o)<\/a>.<\/strong><\/p>\n<div class=\"custombtn\" style=\"text-align:\">\t\r\n\t   <a class=\"morebutton\" href=\"https:\/\/api.whatsapp.com\/send?phone=5521970174670\" target\"\">FALE CONOSCO<\/a>\t   \t   \r\n\t<\/div>\n<p>&nbsp;<\/p>\n<p><iframe loading=\"lazy\" style=\"border: 0;\" src=\"https:\/\/www.google.com\/maps\/embed?pb=!1m21!1m8!1m3!1d1676.5417239301942!2d-42.9023097!3d-22.7627225!3m2!1i1024!2i768!4f13.1!4m10!1i0!3e6!4m3!3m2!1d-22.7621125!2d-42.9007028!4m3!3m2!1d-22.7621173!2d-42.900698999999996!5e1!3m2!1spt-BR!2sbr!4v1412614020321\" width=\"595\" height=\"350\" frameborder=\"0\"><\/iframe><\/p>\n","protected":false},"excerpt":{"rendered":"<p>Telefone: (21) 3638-6135 WhatsApp (21) 97017-4670 E-mail: sivignv@gmail.com Rod BR 101 Km 25,5 \u2013 Lote 08 \u2013 Quadra 01 \u2013 Galp\u00e3o Retiro S\u00e3o Joaquim, Itabora\u00ed \u2013 RJ CEP \u2013 24800-000 &#8211; Em frente ao Tubar\u00e3o Atacad\u00e3o). &nbsp;<\/p>\n","protected":false},"author":1,"featured_media":0,"parent":0,"menu_order":0,"comment_status":"closed","ping_status":"closed","template":"","meta":{"footnotes":"","_links_to":"","_links_to_target":""},"class_list":["post-336","page","type-page","status-publish","hentry"],"_links":{"self":[{"href":"https:\/\/sivignv.com.br\/sivi\/wp-json\/wp\/v2\/pages\/336","targetHints":{"allow":["GET"]}}],"collection":[{"href":"https:\/\/sivignv.com.br\/sivi\/wp-json\/wp\/v2\/pages"}],"about":[{"href":"https:\/\/sivignv.com.br\/sivi\/wp-json\/wp\/v2\/types\/page"}],"author":[{"embeddable":true,"href":"https:\/\/sivignv.com.br\/sivi\/wp-json\/wp\/v2\/users\/1"}],"replies":[{"embeddable":true,"href":"https:\/\/sivignv.com.br\/sivi\/wp-json\/wp\/v2\/comments?post=336"}],"version-history":[{"count":22,"href":"https:\/\/sivignv.com.br\/sivi\/wp-json\/wp\/v2\/pages\/336\/revisions"}],"predecessor-version":[{"id":550,"href":"https:\/\/sivignv.com.br\/sivi\/wp-json\/wp\/v2\/pages\/336\/revisions\/550"}],"wp:attachment":[{"href":"https:\/\/sivignv.com.br\/sivi\/wp-json\/wp\/v2\/media?parent=336"}],"curies":[{"name":"wp","href":"https:\/\/api.w.org\/{rel}","templated":true}]}}